ors of 4/34 - 17593/(-17)?
3, 5, 23
Let k(a) be the second derivative of a**4 + 2*a**3/3 - 5*a**2/2 - 2*a - 1. What are the prime factors of k(3)?
5, 23
Suppose 105 - 34 = m - 3*j, 134 = 2*m - 4*j. List the prime factors of m - 4/(-8)*(-2 + 2).
59
Suppose 19*s - 13939 = 615. List the prime factors of s.
2, 383
Let w(n) be the first derivative of 10*n - 13/2*n**2 + 10/3*n**3 - 1/4*n**4 - 2. List the prime factors of w(8).
2, 17
Suppose -1524 = -u + 2*p, -3*p = 133 - 121. What are the prime factors of u?
2, 379
What are the prime factors of 3/((-429)/(-28160)) - 1/(-13)?
197
Suppose 0*k = 4*o - 3*k - 190, -4*o + 176 = 4*k. Suppose 2*w - 2*t - 21 = t, -4*w = -2*t - o. What are the prime factors of w?
2, 3
What are the prime factors of -6*536/(-12) + 0/(-1)?
2, 67
Let t = 3606 - 1794. List the prime factors of t.
2, 3, 151
Let j(a) = -a**2 + 8*a + 4. Let y be j(7). Suppose -3*l + y = t, 4 = 5*t + 2*l - 4*l. Let k = t - -1. List the prime factors of k.
3
Let b(w) be the first derivative of -w**4/2 - 2*w**3/3 - w**2 - 10*w - 25. What are the prime factors of b(-3)?
2
Suppose -2*u = 54*f - 52*f - 484, 5*u - 716 = -3*f. What are the prime factors of f?
13, 19
Let y be (-1)/(1/(-4 + -1)). Suppose -f = -7 - 9. Suppose -3*z + y = 5*o - 35, f = 2*o - 3*z. List the prime factors of o.
2
Suppose 4*v + 15 = -4*s + 2859, 2*s = 2*v - 1438. List the prime factors of v.
5, 11, 13
Suppose 0 = 7*g - 1472 - 1783. List the prime factors of g.
3, 5, 31
Let r be (-6)/(-9) + 25/3. Let f be (1*-15)/(-3) - 3. What are the prime factors of (r/12)/(f/72)?
3
Let a(i) = i**3 + 3*i**2 - 6*i + 4. Let x be 1*2 + (35 - 33). What are the prime factors of a(x)?
2, 23
Let z(k) = -149*k + 79. What are the prime factors of z(-9)?
2, 5, 71
Suppose 33 = 6*u + 9. Suppose -2*g = 8, 0 = 7*r - 2*r + u*g - 344. What are the prime factors of r?
2, 3
Let y(b) = 227*b - 99. List the prime factors of y(4).
809
Suppose -14*t + 20*t - 3360 = 0. What are the prime factors of t?
2, 5, 7
Let w be (-3)/(-12) + 11/4. List the prime factors of (-53088)/(-252) - 1*(-1)/w.
211
List the prime factors of 7/((-77)/(-2)) - 22593/(-187).
11
Let b(s) = -7*s + 19 - 12 - 12 - 6. What are the prime factors of b(-15)?
2, 47
Let k(h) = -3*h**2 - 15*h + 4. Let c be k(-5). Suppose -4*p + c*y = -432, 2*p - 7*p - 3*y = -556. List the prime factors of p.
2, 5, 11
Let o = 16 + -16. Let y be (-112 - 3 - -4) + o. What are the prime factors of y/(-2) - 6/(-12)?
2, 7
Let j(b) = -26*b**2 - b - 1. Let t(w) = -w**3 - 5*w**2 - 2*w - 11. Let l be t(-5). Let n be j(l). Let h = n + 28. What are the prime factors of h?
2
Let q(z) be the first derivative of z**3/3 + 19*z**2/2 - 19*z + 7. List the prime factors of q(-21).
23
Suppose -2*t + 21 = -3*x, -t + 5*x + 28 = -0*x. Suppose 0 = -t*j - 18 - 12. Let y = j - -44. What are the prime factors of y?
2, 17
Let k be 180/(-40)*10/3. Let g = 93 - k. List the prime factors of g.
2, 3
Suppose 4*b = -23*b + 64638. What are the prime factors of b?
2, 3, 7, 19
Let p(g) = -4*g + 9 - 3 + 1. Suppose 0 = 6*i - 40 + 82. What are the prime factors of p(i)?
5, 7
Let w(g) = -g**3 + 19*g**2 - 15*g + 3. Let r(t) = 11*t - 4. Let s be r(2). List the prime factors of w(s).
3, 19
Let r(t) be the third derivative of 13*t**4/24 + 16*t**3/3 - 5*t**2. List the prime factors of r(7).
3, 41
Let k(i) = 47*i**2 + 66*i. List the prime factors of k(6).
2, 3, 29
What are the prime factors of 12*7/(-14)*1*-215?
2, 3, 5, 43
Suppose 0 = -2*a - 2*q - 2*q + 86, -2*a = -q - 111. List the prime factors of a.
53
Let o(a) = 14*a - 8. Suppose -6*x + 3*x + 21 = -p, 4*p = 0. What are the prime factors of o(x)?
2, 3, 5
List the prime factors of (8 - 352/56)/(2/2205).
2, 3, 5, 7
Suppose 3*s = -5*h + 73 + 338, 0 = 5*s - 3*h - 719. List the prime factors of s.
2, 71
Suppose 3*x + x + 1338 = 2*f, 0 = -2*x - f - 675. Let l = -236 - x. List the prime factors of l.
2, 5
Let n(o) = 4*o**3 + 8*o**2 + 17*o - 19. Let r(z) = -3*z**3 - 7*z**2 - 17*z + 18. Let a(i) = 4*n(i) + 5*r(i). List the prime factors of a(8).
2, 3, 11
Suppose 0 = 5*a + 5*k - 545, -4*k = -0*a + a - 103. Suppose -a = -4*q + 89. List the prime factors of q.
2, 5
Let s be (-1)/((26/(-144))/13). Let r = -37 + s. What are the prime factors of r?
5, 7
Let j(i) = -i**2 + 5*i - 4. Let w be j(4). Suppose 5*y + 4*f - 199 = -w*y, 3*y + 4*f = 113. List the prime factors of y.
43
List the prime factors of 3*((-394)/(-4))/(18/36).
3, 197
Let t be (-36)/(-24) + (-47)/2. What are the prime factors of (-6956)/t + (-54)/297?
2, 79
Let b(g) = g**2 + 2*g + 4. Let u be b(-2). Let z be 32/(-4*1/(-10)). Suppose -5*i = -x, u*x + x - 5*i - z = 0. What are the prime factors of x?
2, 5
Let k(b) = -3*b + 38. Let z be k(-6). Suppose i + 3*i - z = 0. List the prime factors of i.
2, 7
Suppose -t = -3*h - 23, -4*t + 2*h = -2*t - 38. Let g = -12 + t. Suppose -5*d + 5*l = -185, -d - d = g*l - 60. What are the prime factors of d?
5, 7
Let m = 505 - 908. Let k = m + 587. List the prime factors of k.
2, 23
Suppose -5*s + 126 = 3*r, -3*s - r = r - 76. Suppose -6 + s = 6*y. What are the prime factors of y?
3
Let c = 540 - 224. List the prime factors of c.
2, 79
Suppose -258 = -7*k + 1247. Suppose 5*m + 4*o - 316 + 7 = 0, 5*o + k = 3*m. List the prime factors of m.
5, 13
Let y(a) = 21*a + 8. What are the prime factors of y(3)?
71
Let m(y) = 4*y**2 - 14*y + 13. Let a(r) = -11*r**2 + 41*r - 38. Let q(d) = -3*a(d) - 8*m(d). List the prime factors of q(12).
2, 11
Suppose 39 = 11*m - 8*m. Let r = m - -10. List the prime factors of r.
23
Let u = -580 - -1899. What are the prime factors of u?
1319
What are the prime factors of -5 + 20 + -5 + 2870?
2, 3, 5
Let k(n) = -8*n - 3. Let u(m) = 33*m + 11. Let x(h) = -9*k(h) - 2*u(h). List the prime factors of x(4).
29
Suppose 0 = -33*h + 7605 + 12162. List the prime factors of h.
599
Suppose 3*u = b + 14884, -4*b = 25*u - 29*u + 19856. What are the prime factors of u?
2, 5, 31
Let t(u) = -15*u**2 - u - 1. Suppose 0 = 2*r + 3 - 1. Let a be t(r). What are the prime factors of 14/6 + (-10)/a?
3
Let p(k) = k**3 + 6*k**2 - 6*k + 9. Let z be p(-7). Suppose -z*q = 3*q + 20. Let i = 9 + q. What are the prime factors of i?
5
Suppose -4 = -4*h, 16*w + 5*h - 4269 = 14*w. What are the prime factors of w?
2, 13, 41
Let q = -59 + 52. Let b(o) = -o**3 - 2*o**2 - 7*o + 1. List the prime factors of b(q).
5, 59
Suppose t - 3 = p, 5*t + 0*p - 27 = -p. Suppose 4*c = i + 24, t*c + 13 - 43 = -3*i. Suppose 0*w = -c*w + 48. List the prime factors of w.
2
Let c(l) = 2*l**2 + 2*l - 2. Let q be c(-2). Suppose v - 3*v = -14. Suppose -v*z = s - 2*z - 33, 2 = -s + q*z. What are the prime factors of s?
2
Let f(o) = o**2 - 15*o + 19. Let b be f(14). Suppose 0*k - 4*k + 2*n = -314, -4*n = b*k - 373. What are the prime factors of k?
7, 11
Suppose 3*r - 6*h + h = -10, -5*h = 2*r - 10. Suppose -p - 6 + 12 = r. What are the prime factors of p?
2, 3
What are the prime factors of (14/3)/(6/(188 + 10))?
2, 7, 11
Suppose 0 = x - 175 - 1986. What are the prime factors of x?
2161
Let q(k) = -21*k - 40. Suppose 1 = 2*n + 5. Let y(i) = -5*i - 10. Let f(a) = n*q(a) + 9*y(a). List the prime factors of f(-9).
17
Let x(c) = -25*c - 2. Suppose 0 = -2*r - 4 - 0. Let v be x(r). Suppose -2*w - 4*j = w - 120, w + 4*j = v. What are the prime factors of w?
2, 3
Suppose -2*c + 30 - 272 = -2*s, -2*s = -5*c - 242. Suppose -17 = -3*k + s. List the prime factors of k.
2, 23
Let m(x) = 54*x - 24. Let r be m(7). Let v = r - 190. What are the prime factors of v?
2, 41
Let k be (-1)/((-9)/(-60))*-3. List the prime factors of 8/(-20) + 68/k.
3
Suppose 4*x - 2*i + 2246 = 0, -2*x + 3*x + 2*i = -564. What are the prime factors of (-1)/3 - x/3?
11, 17
Let y = 899 - 528. Let f be 10/20 + y/2. Suppose 9*t = 3*t + f. List the prime factors of t.
31
Let m(j) = 2*j - 16. Let b be m(10). Suppose 15 = 4*p - p. Suppose b*c + 135 = p*g, 3*g + 15 - 59 = -5*c. List the prime factors of g.
23
What are the prime factors of (-26991)/(-33) - (-3)/33?
2, 409
Suppose -4*t - 4*p - 80 = 92, -2*p - 6 = 0. Let g = t + 20. Let k = g + 39. List the prime factors of k.
19
Suppose 2*n + 2*n = 12. Suppose z - 6 = p, 2*p + 4 + 12 = n*z. What are the prime factors of 1 - (-10 - z/2)?
13
List the prime factors of 10/(-15) - 26185/(-15).
5, 349
Let f(g) = g**2 + 150. Let